{"id":7494,"date":"2016-10-10T08:53:31","date_gmt":"2016-10-10T08:53:31","guid":{"rendered":"http:\/\/europa-forum.org\/pl\/?page_id=7494"},"modified":"2016-10-17T12:54:42","modified_gmt":"2016-10-17T12:54:42","slug":"2015-03-26","status":"publish","type":"page","link":"https:\/\/europa-forum.org\/pl\/wydarzenia\/galeria-zdjec\/wyjazdy-przedsiebiorcow\/2015-03-26\/","title":{"rendered":"2015.03.26"},"content":{"rendered":"<p>W ramach tegorocznej podr\u00f3\u017cy biznesowo-turystycznej przedsi\u0119biorcy zrzeszeni w kr\u0119gach EF udali si\u0119 do Gruzji\/Tbilisi i okolic. Przy wsparciu Ambasady Niemieckiej w Tbilisi oraz tamtejszego Niemieckiego Ko\u0142a Przedsi\u0119biorc\u00f3w DWV zorganizowali\u015bmy na miejscu niemiecko-gruzi\u0144ski dzie\u0144 gospodarczy. Nie mog\u0142o r\u00f3wnie\u017c zabrakn\u0105\u0107 atrakcji turystycznych w regionie Gombori, tradycyjnych gruzi\u0144skich biesiad supra przybli\u017caj\u0105cych lokalne kulinaria oraz degustacji win gruzi\u0144skich \u2013 \u2018w kolebce wina\u2019 za jak\u0105 uchodzi Gruzja. Ostatni dzie\u0144 zwie\u0144czony by\u0142 akcenten sportowym \u2013 meczem kwalifikacyjnym do M\u015a mi\u0119dzy Gruzj\u0105 a Niemcami na stadionie Borisa Paichadze. Po czterech dniach, przepe\u0142nieni kaukaskimi wra\u017ceniami go\u015bcie wr\u00f3cili do Wroc\u0142awia. <\/p>\n<p>Wi\u0119cej informacji mo\u017cna znale\u017a\u0107 tutaj: <a href=\"\/?p=7609\">Wyjazd przedsi\u0119biorc\u00f3w 2015 \u2013 Tbilisi\/Gruzja 26.-30.03.2015<\/a><\/p>\nngg_shortcode_0_placeholder\n","protected":false},"excerpt":{"rendered":"<p>W ramach tegorocznej podr\u00f3\u017cy biznesowo-turystycznej przedsi\u0119biorcy zrzeszeni w kr\u0119gach EF udali si\u0119 do Gruzji\/Tbilisi i okolic. Przy wsparciu Ambasady Niemieckiej w Tbilisi oraz tamtejszego Niemieckiego Ko\u0142a Przedsi\u0119biorc\u00f3w DWV zorganizowali\u015bmy na &#8230; <a class=\"read-more\" href=\"https:\/\/europa-forum.org\/pl\/wydarzenia\/galeria-zdjec\/wyjazdy-przedsiebiorcow\/2015-03-26\/\">Czytaj wi\u0119cej<\/a><\/p>\n","protected":false},"author":34,"featured_media":0,"parent":5128,"menu_order":0,"comment_status":"closed","ping_status":"closed","template":"europa-forum-fotos-unternehmerreisen.php","meta":{"ngg_post_thumbnail":0,"footnotes":""},"class_list":["post-7494","page","type-page","status-publish","hentry"],"yoast_head":"<!-- This site is optimized with the Yoast SEO plugin v27.3 - https:\/\/yoast.com\/product\/yoast-seo-wordpress\/ -->\n<title>2015.03.26 - EUROPA FORUM<\/title>\n<meta name=\"robots\" content=\"index, follow, max-snippet:-1, max-image-preview:large, max-video-preview:-1\" \/>\n<link rel=\"canonical\" href=\"https:\/\/europa-forum.org\/pl\/wydarzenia\/galeria-zdjec\/wyjazdy-przedsiebiorcow\/2015-03-26\/\" \/>\n<meta property=\"og:locale\" content=\"pl_PL\" \/>\n<meta property=\"og:type\" content=\"article\" \/>\n<meta property=\"og:title\" content=\"2015.03.26 - EUROPA FORUM\" \/>\n<meta property=\"og:description\" content=\"W ramach tegorocznej podr\u00f3\u017cy biznesowo-turystycznej przedsi\u0119biorcy zrzeszeni w kr\u0119gach EF udali si\u0119 do Gruzji\/Tbilisi i okolic. Przy wsparciu Ambasady Niemieckiej w Tbilisi oraz tamtejszego Niemieckiego Ko\u0142a Przedsi\u0119biorc\u00f3w DWV zorganizowali\u015bmy na ... Czytaj wi\u0119cej\" \/>\n<meta property=\"og:url\" content=\"https:\/\/europa-forum.org\/pl\/wydarzenia\/galeria-zdjec\/wyjazdy-przedsiebiorcow\/2015-03-26\/\" \/>\n<meta property=\"og:site_name\" content=\"EUROPA FORUM\" \/>\n<meta property=\"article:publisher\" content=\"https:\/\/www.facebook.com\/EuropaForum\/\" \/>\n<meta property=\"article:modified_time\" content=\"2016-10-17T12:54:42+00:00\" \/>\n<meta name=\"twitter:card\" content=\"summary_large_image\" \/>\n<meta name=\"twitter:label1\" content=\"Szacowany czas czytania\" \/>\n\t<meta name=\"twitter:data1\" content=\"1 minuta\" \/>\n<script type=\"application\/ld+json\" class=\"yoast-schema-graph\">{\"@context\":\"https:\\\/\\\/schema.org\",\"@graph\":[{\"@type\":\"WebPage\",\"@id\":\"https:\\\/\\\/europa-forum.org\\\/pl\\\/wydarzenia\\\/galeria-zdjec\\\/wyjazdy-przedsiebiorcow\\\/2015-03-26\\\/\",\"url\":\"https:\\\/\\\/europa-forum.org\\\/pl\\\/wydarzenia\\\/galeria-zdjec\\\/wyjazdy-przedsiebiorcow\\\/2015-03-26\\\/\",\"name\":\"2015.03.26 - EUROPA FORUM\",\"isPartOf\":{\"@id\":\"https:\\\/\\\/europa-forum.org\\\/#website\"},\"datePublished\":\"2016-10-10T08:53:31+00:00\",\"dateModified\":\"2016-10-17T12:54:42+00:00\",\"breadcrumb\":{\"@id\":\"https:\\\/\\\/europa-forum.org\\\/pl\\\/wydarzenia\\\/galeria-zdjec\\\/wyjazdy-przedsiebiorcow\\\/2015-03-26\\\/#breadcrumb\"},\"inLanguage\":\"pl-PL\",\"potentialAction\":[{\"@type\":\"ReadAction\",\"target\":[\"https:\\\/\\\/europa-forum.org\\\/pl\\\/wydarzenia\\\/galeria-zdjec\\\/wyjazdy-przedsiebiorcow\\\/2015-03-26\\\/\"]}]},{\"@type\":\"BreadcrumbList\",\"@id\":\"https:\\\/\\\/europa-forum.org\\\/pl\\\/wydarzenia\\\/galeria-zdjec\\\/wyjazdy-przedsiebiorcow\\\/2015-03-26\\\/#breadcrumb\",\"itemListElement\":[{\"@type\":\"ListItem\",\"position\":1,\"name\":\"Home\",\"item\":\"https:\\\/\\\/europa-forum.org\\\/pl\\\/\"},{\"@type\":\"ListItem\",\"position\":2,\"name\":\"Wydarzenia\",\"item\":\"https:\\\/\\\/europa-forum.org\\\/pl\\\/wydarzenia\\\/\"},{\"@type\":\"ListItem\",\"position\":3,\"name\":\"Galeria zdj\u0119\u0107\",\"item\":\"https:\\\/\\\/europa-forum.org\\\/pl\\\/wydarzenia\\\/galeria-zdjec\\\/\"},{\"@type\":\"ListItem\",\"position\":4,\"name\":\"Wyjazdy przedsi\u0119biorc\u00f3w\",\"item\":\"https:\\\/\\\/europa-forum.org\\\/pl\\\/wydarzenia\\\/galeria-zdjec\\\/wyjazdy-przedsiebiorcow\\\/\"},{\"@type\":\"ListItem\",\"position\":5,\"name\":\"2015.03.26\"}]},{\"@type\":\"WebSite\",\"@id\":\"https:\\\/\\\/europa-forum.org\\\/#website\",\"url\":\"https:\\\/\\\/europa-forum.org\\\/\",\"name\":\"EUROPA FORUM\",\"description\":\"Polsko-Niemieckie Ko\u0142o Gospodarcze we Wroc\u0142awiu\",\"publisher\":{\"@id\":\"https:\\\/\\\/europa-forum.org\\\/#organization\"},\"potentialAction\":[{\"@type\":\"SearchAction\",\"target\":{\"@type\":\"EntryPoint\",\"urlTemplate\":\"https:\\\/\\\/europa-forum.org\\\/?s={search_term_string}\"},\"query-input\":{\"@type\":\"PropertyValueSpecification\",\"valueRequired\":true,\"valueName\":\"search_term_string\"}}],\"inLanguage\":\"pl-PL\"},{\"@type\":\"Organization\",\"@id\":\"https:\\\/\\\/europa-forum.org\\\/#organization\",\"name\":\"EUROPA FORUM\",\"url\":\"https:\\\/\\\/europa-forum.org\\\/\",\"logo\":{\"@type\":\"ImageObject\",\"inLanguage\":\"pl-PL\",\"@id\":\"https:\\\/\\\/europa-forum.org\\\/#\\\/schema\\\/logo\\\/image\\\/\",\"url\":\"https:\\\/\\\/storage.googleapis.com\\\/media-cloud-test-ef\\\/2024\\\/12\\\/logo-square.png\",\"contentUrl\":\"https:\\\/\\\/storage.googleapis.com\\\/media-cloud-test-ef\\\/2024\\\/12\\\/logo-square.png\",\"width\":240,\"height\":240,\"caption\":\"EUROPA FORUM\"},\"image\":{\"@id\":\"https:\\\/\\\/europa-forum.org\\\/#\\\/schema\\\/logo\\\/image\\\/\"},\"sameAs\":[\"https:\\\/\\\/www.facebook.com\\\/EuropaForum\\\/\",\"https:\\\/\\\/www.linkedin.com\\\/company\\\/europa-forum\"]}]}<\/script>\n<!-- \/ Yoast SEO plugin. -->","yoast_head_json":{"title":"2015.03.26 - EUROPA FORUM","robots":{"index":"index","follow":"follow","max-snippet":"max-snippet:-1","max-image-preview":"max-image-preview:large","max-video-preview":"max-video-preview:-1"},"canonical":"https:\/\/europa-forum.org\/pl\/wydarzenia\/galeria-zdjec\/wyjazdy-przedsiebiorcow\/2015-03-26\/","og_locale":"pl_PL","og_type":"article","og_title":"2015.03.26 - EUROPA FORUM","og_description":"W ramach tegorocznej podr\u00f3\u017cy biznesowo-turystycznej przedsi\u0119biorcy zrzeszeni w kr\u0119gach EF udali si\u0119 do Gruzji\/Tbilisi i okolic. Przy wsparciu Ambasady Niemieckiej w Tbilisi oraz tamtejszego Niemieckiego Ko\u0142a Przedsi\u0119biorc\u00f3w DWV zorganizowali\u015bmy na ... Czytaj wi\u0119cej","og_url":"https:\/\/europa-forum.org\/pl\/wydarzenia\/galeria-zdjec\/wyjazdy-przedsiebiorcow\/2015-03-26\/","og_site_name":"EUROPA FORUM","article_publisher":"https:\/\/www.facebook.com\/EuropaForum\/","article_modified_time":"2016-10-17T12:54:42+00:00","twitter_card":"summary_large_image","twitter_misc":{"Szacowany czas czytania":"1 minuta"},"schema":{"@context":"https:\/\/schema.org","@graph":[{"@type":"WebPage","@id":"https:\/\/europa-forum.org\/pl\/wydarzenia\/galeria-zdjec\/wyjazdy-przedsiebiorcow\/2015-03-26\/","url":"https:\/\/europa-forum.org\/pl\/wydarzenia\/galeria-zdjec\/wyjazdy-przedsiebiorcow\/2015-03-26\/","name":"2015.03.26 - EUROPA FORUM","isPartOf":{"@id":"https:\/\/europa-forum.org\/#website"},"datePublished":"2016-10-10T08:53:31+00:00","dateModified":"2016-10-17T12:54:42+00:00","breadcrumb":{"@id":"https:\/\/europa-forum.org\/pl\/wydarzenia\/galeria-zdjec\/wyjazdy-przedsiebiorcow\/2015-03-26\/#breadcrumb"},"inLanguage":"pl-PL","potentialAction":[{"@type":"ReadAction","target":["https:\/\/europa-forum.org\/pl\/wydarzenia\/galeria-zdjec\/wyjazdy-przedsiebiorcow\/2015-03-26\/"]}]},{"@type":"BreadcrumbList","@id":"https:\/\/europa-forum.org\/pl\/wydarzenia\/galeria-zdjec\/wyjazdy-przedsiebiorcow\/2015-03-26\/#breadcrumb","itemListElement":[{"@type":"ListItem","position":1,"name":"Home","item":"https:\/\/europa-forum.org\/pl\/"},{"@type":"ListItem","position":2,"name":"Wydarzenia","item":"https:\/\/europa-forum.org\/pl\/wydarzenia\/"},{"@type":"ListItem","position":3,"name":"Galeria zdj\u0119\u0107","item":"https:\/\/europa-forum.org\/pl\/wydarzenia\/galeria-zdjec\/"},{"@type":"ListItem","position":4,"name":"Wyjazdy przedsi\u0119biorc\u00f3w","item":"https:\/\/europa-forum.org\/pl\/wydarzenia\/galeria-zdjec\/wyjazdy-przedsiebiorcow\/"},{"@type":"ListItem","position":5,"name":"2015.03.26"}]},{"@type":"WebSite","@id":"https:\/\/europa-forum.org\/#website","url":"https:\/\/europa-forum.org\/","name":"EUROPA FORUM","description":"Polsko-Niemieckie Ko\u0142o Gospodarcze we Wroc\u0142awiu","publisher":{"@id":"https:\/\/europa-forum.org\/#organization"},"potentialAction":[{"@type":"SearchAction","target":{"@type":"EntryPoint","urlTemplate":"https:\/\/europa-forum.org\/?s={search_term_string}"},"query-input":{"@type":"PropertyValueSpecification","valueRequired":true,"valueName":"search_term_string"}}],"inLanguage":"pl-PL"},{"@type":"Organization","@id":"https:\/\/europa-forum.org\/#organization","name":"EUROPA FORUM","url":"https:\/\/europa-forum.org\/","logo":{"@type":"ImageObject","inLanguage":"pl-PL","@id":"https:\/\/europa-forum.org\/#\/schema\/logo\/image\/","url":"https:\/\/storage.googleapis.com\/media-cloud-test-ef\/2024\/12\/logo-square.png","contentUrl":"https:\/\/storage.googleapis.com\/media-cloud-test-ef\/2024\/12\/logo-square.png","width":240,"height":240,"caption":"EUROPA FORUM"},"image":{"@id":"https:\/\/europa-forum.org\/#\/schema\/logo\/image\/"},"sameAs":["https:\/\/www.facebook.com\/EuropaForum\/","https:\/\/www.linkedin.com\/company\/europa-forum"]}]}},"_links":{"self":[{"href":"https:\/\/europa-forum.org\/pl\/wp-json\/wp\/v2\/pages\/7494","targetHints":{"allow":["GET"]}}],"collection":[{"href":"https:\/\/europa-forum.org\/pl\/wp-json\/wp\/v2\/pages"}],"about":[{"href":"https:\/\/europa-forum.org\/pl\/wp-json\/wp\/v2\/types\/page"}],"author":[{"embeddable":true,"href":"https:\/\/europa-forum.org\/pl\/wp-json\/wp\/v2\/users\/34"}],"replies":[{"embeddable":true,"href":"https:\/\/europa-forum.org\/pl\/wp-json\/wp\/v2\/comments?post=7494"}],"version-history":[{"count":0,"href":"https:\/\/europa-forum.org\/pl\/wp-json\/wp\/v2\/pages\/7494\/revisions"}],"up":[{"embeddable":true,"href":"https:\/\/europa-forum.org\/pl\/wp-json\/wp\/v2\/pages\/5128"}],"wp:attachment":[{"href":"https:\/\/europa-forum.org\/pl\/wp-json\/wp\/v2\/media?parent=7494"}],"curies":[{"name":"wp","href":"https:\/\/api.w.org\/{rel}","templated":true}]}}

<p>W ramach tegorocznej podróży biznesowo-turystycznej przedsiębiorcy zrzeszeni w kręgach EF udali się do Gruzji/Tbilisi i okolic. Przy wsparciu Ambasady Niemieckiej w Tbilisi oraz tamtejszego Niemieckiego Koła Przedsiębiorców DWV zorganizowaliśmy na miejscu niemiecko-gruziński dzień gospodarczy. Nie mogło również zabraknąć atrakcji turystycznych w regionie Gombori, tradycyjnych gruzińskich biesiad supra przybliżających lokalne kulinaria oraz degustacji win gruzińskich – ‘w kolebce wina’ za jaką uchodzi Gruzja. Ostatni dzień zwieńczony był akcenten sportowym – meczem kwalifikacyjnym do MŚ między Gruzją a Niemcami na stadionie Borisa Paichadze. Po czterech dniach, przepełnieni kaukaskimi wrażeniami goście wrócili do Wrocławia. </p>
<p>Więcej informacji można znaleźć tutaj: <a href="/?p=7609">Wyjazd przedsiębiorców 2015 – Tbilisi/Gruzja 26.-30.03.2015</a></p>
ngg_shortcode_0_placeholder

<p>W ramach tegorocznej podróży biznesowo-turystycznej przedsiębiorcy zrzeszeni w kręgach EF udali się do Gruzji/Tbilisi i okolic. Przy wsparciu Ambasady Niemieckiej w Tbilisi oraz tamtejszego Niemieckiego Koła Przedsiębiorców DWV zorganizowaliśmy na &#8230; <a class="read-more" href="https://europa-forum.org/pl/wydarzenia/galeria-zdjec/wyjazdy-przedsiebiorcow/2015-03-26/">Czytaj więcej</a></p>

<!-- This site is optimized with the Yoast SEO plugin v27.3 - https://yoast.com/product/yoast-seo-wordpress/ -->
<title>2015.03.26 - EUROPA FORUM</title>
<meta name="robots" content="index, follow, max-snippet:-1, max-image-preview:large, max-video-preview:-1" />
<link rel="canonical" href="https://europa-forum.org/pl/wydarzenia/galeria-zdjec/wyjazdy-przedsiebiorcow/2015-03-26/" />
<meta property="og:locale" content="pl_PL" />
<meta property="og:type" content="article" />
<meta property="og:title" content="2015.03.26 - EUROPA FORUM" />
<meta property="og:description" content="W ramach tegorocznej podróży biznesowo-turystycznej przedsiębiorcy zrzeszeni w kręgach EF udali się do Gruzji/Tbilisi i okolic. Przy wsparciu Ambasady Niemieckiej w Tbilisi oraz tamtejszego Niemieckiego Koła Przedsiębiorców DWV zorganizowaliśmy na ... Czytaj więcej" />
<meta property="og:url" content="https://europa-forum.org/pl/wydarzenia/galeria-zdjec/wyjazdy-przedsiebiorcow/2015-03-26/" />
<meta property="og:site_name" content="EUROPA FORUM" />
<meta property="article:publisher" content="https://www.facebook.com/EuropaForum/" />
<meta property="article:modified_time" content="2016-10-17T12:54:42+00:00" />
<meta name="twitter:card" content="summary_large_image" />
<meta name="twitter:label1" content="Szacowany czas czytania" />
	<meta name="twitter:data1" content="1 minuta" />
<script type="application/ld+json" class="yoast-schema-graph">{"@context":"https:\/\/schema.org","@graph":[{"@type":"WebPage","@id":"https:\/\/europa-forum.org\/pl\/wydarzenia\/galeria-zdjec\/wyjazdy-przedsiebiorcow\/2015-03-26\/","url":"https:\/\/europa-forum.org\/pl\/wydarzenia\/galeria-zdjec\/wyjazdy-przedsiebiorcow\/2015-03-26\/","name":"2015.03.26 - EUROPA FORUM","isPartOf":{"@id":"https:\/\/europa-forum.org\/#website"},"datePublished":"2016-10-10T08:53:31+00:00","dateModified":"2016-10-17T12:54:42+00:00","breadcrumb":{"@id":"https:\/\/europa-forum.org\/pl\/wydarzenia\/galeria-zdjec\/wyjazdy-przedsiebiorcow\/2015-03-26\/#breadcrumb"},"inLanguage":"pl-PL","potentialAction":[{"@type":"ReadAction","target":["https:\/\/europa-forum.org\/pl\/wydarzenia\/galeria-zdjec\/wyjazdy-przedsiebiorcow\/2015-03-26\/"]}]},{"@type":"BreadcrumbList","@id":"https:\/\/europa-forum.org\/pl\/wydarzenia\/galeria-zdjec\/wyjazdy-przedsiebiorcow\/2015-03-26\/#breadcrumb","itemListElement":[{"@type":"ListItem","position":1,"name":"Home","item":"https:\/\/europa-forum.org\/pl\/"},{"@type":"ListItem","position":2,"name":"Wydarzenia","item":"https:\/\/europa-forum.org\/pl\/wydarzenia\/"},{"@type":"ListItem","position":3,"name":"Galeria zdjęć","item":"https:\/\/europa-forum.org\/pl\/wydarzenia\/galeria-zdjec\/"},{"@type":"ListItem","position":4,"name":"Wyjazdy przedsiębiorców","item":"https:\/\/europa-forum.org\/pl\/wydarzenia\/galeria-zdjec\/wyjazdy-przedsiebiorcow\/"},{"@type":"ListItem","position":5,"name":"2015.03.26"}]},{"@type":"WebSite","@id":"https:\/\/europa-forum.org\/#website","url":"https:\/\/europa-forum.org\/","name":"EUROPA FORUM","description":"Polsko-Niemieckie Koło Gospodarcze we Wrocławiu","publisher":{"@id":"https:\/\/europa-forum.org\/#organization"},"potentialAction":[{"@type":"SearchAction","target":{"@type":"EntryPoint","urlTemplate":"https:\/\/europa-forum.org\/?s={search_term_string}"},"query-input":{"@type":"PropertyValueSpecification","valueRequired":true,"valueName":"search_term_string"}}],"inLanguage":"pl-PL"},{"@type":"Organization","@id":"https:\/\/europa-forum.org\/#organization","name":"EUROPA FORUM","url":"https:\/\/europa-forum.org\/","logo":{"@type":"ImageObject","inLanguage":"pl-PL","@id":"https:\/\/europa-forum.org\/#\/schema\/logo\/image\/","url":"https:\/\/storage.googleapis.com\/media-cloud-test-ef\/2024\/12\/logo-square.png","contentUrl":"https:\/\/storage.googleapis.com\/media-cloud-test-ef\/2024\/12\/logo-square.png","width":240,"height":240,"caption":"EUROPA FORUM"},"image":{"@id":"https:\/\/europa-forum.org\/#\/schema\/logo\/image\/"},"sameAs":["https:\/\/www.facebook.com\/EuropaForum\/","https:\/\/www.linkedin.com\/company\/europa-forum"]}]}</script>
<!-- / Yoast SEO plugin. -->

W ramach tegorocznej podróży biznesowo-turystycznej przedsiębiorcy zrzeszeni w kręgach EF udali się do Gruzji/Tbilisi i okolic. Przy wsparciu Ambasady Niemieckiej w Tbilisi oraz tamtejszego Niemieckiego Koła Przedsiębiorców DWV zorganizowaliśmy na ... Czytaj więcej

Galeria zdjęć

Wyjazdy przedsiębiorców

Polsko-Niemieckie Koło Gospodarcze we Wrocławiu
